nder when 51 is divided by x(m)?
25
Let m be 204/6 - (-1 - -5). Let b = -40 + m. Let f(p) = -2*p - 14. What is the remainder when f(b) is divided by 2?
0
Let f(m) = 12 + 13*m - 53*m + 26*m. Let t be f(-12). Suppose -t = 17*v - 22*v. What is the remainder when 143 is divided by v?
35
Let o(a) = a**3 - 9*a**2 + 29*a - 21. Calculate the remainder when 304 is divided by o(2).
7
Calculate the remainder when 44 is divided by 27/(-12) + 2730/104.
20
Suppose -11*b + 10800 = 72*b + 7*b. What is the remainder when 207 is divided by b?
87
Suppose q - 5*r - 524 = 0, -2*q - 62*r + 840 = -46*r. Calculate the remainder when 489 is divided by q.
5
Let u be -5 + 301/63 - (-2)/9. Let d = u + 537. What is the remainder when d is divided by 9?
6
Let a(h) = 37*h - 197. Let i be a(7). Suppose -4*s + 2*m + 47 = -17, -i = -4*s + 3*m. Calculate the remainder when 299 is divided by s.
10
Suppose -2437*g + 2454*g - 3536 = 0. What is the remainder when 848 is divided by g?
16
Let f = 182 + -178. Suppose -651 = -f*v - 17*v. What is the remainder when 183 is divided by v?
28
Calculate the remainder when 571 is divided by (0 + 285/12)*4 - -2.
86
Suppose 4*m = -5*a - 0*a + 53, -5*m - 3*a = -63. Let x be 1/((-38)/m + 3/1). Calculate the remainder when ((-110)/x + -3)*(10 + -1) is divided by 28.
26
What is the remainder when 216 is divided by 122/18 + (-10)/(-45)?
6
Let a(g) = 4*g + 19. Let r be a(-4). Suppose -5*l + 9 = -n, r*l - 5*n = -0*l + 1. Calculate the remainder when 33 is divided by l.
1
Let c(k) = 1452*k - 1543. What is the remainder when c(5) is divided by 104?
101
Let q(t) = -t**2 - 11*t - 1. Suppose -5*c = -18*c - 104. What is the remainder when 77 is divided by q(c)?
8
Calculate the remainder when 572 is divided by (-1398)/(-5) + 1407/(-2345).
14
What is the remainder when 8 + -11 + 383 + 3 + -4 is divided by 91?
15
Suppose -77*l + 73631 = 39*l - 18589. What is the remainder when l is divided by 135?
120
Suppose 17105 = 127*u + 1357. Calculate the remainder when 742 is divided by u.
122
Let w = 14 - 11. Suppose -44 = -w*q + 40. Suppose -4*b + q = -2*f + 6, 5*b + f = 24. What is the remainder when b is divided by 4?
1
Let h(j) = 10*j**3 + 479*j**2 - 57*j + 121. What is the remainder when h(-48) is divided by 130?
33
Let x = -1019 + 1152. What is the remainder when 402 is divided by x?
3
Let n = 31 + -20. Suppose 6*a = 5*a - 1, -31 = -2*o + 5*a. Suppose -n*i - 4*u = -o*i + 106, -3*u - 153 = -3*i. What is the remainder when i is divided by 10?
9
Suppose 900*c - 1014*c = -2850. Suppose 4 = -l + 2*d, -7 = -5*l + 4*d + 3. Calculate the remainder when c is divided by l.
1
Let b = 221 + 184. Suppose -404*z = -b*z + 149. Calculate the remainder when z is divided by 51.
47
Let u = 85 - 83. Suppose 0 = u*o + 4*x - 28, 5*o + 5*x - 31 = 14. Suppose -k - t - 3*t = -23, -k + o*t = 17. Calculate the remainder when 11 is divided by k.
2
Let y(m) = m**2 + 17*m + 8. Let k be y(-18). Let h = k - 19. Suppose -5*s + 3*o - h = 0, -s = 4*o - 12 - 5. What is the remainder when 2 is divided by s?
0
Let p = -94 - -222. Let y = p - 68. What is the remainder when y is divided by 38?
22
Suppose 0 = -93*h + 7*h + 26*h + 4500. Suppose 5 = -2*t + 5*t + 4*k, -2*t = -5*k - 11. Let q = 23 - t. What is the remainder when h is divided by q?
15
Let q(j) = 2*j**3 - 45*j**2 + 21*j - 2. Let l be q(22). Let w(k) = k**3 + 21*k**2 - 73*k + 31. Calculate the remainder when w(l) is divided by 14.
13
Let u = -25 + 70. Let p = 7994 - 7986. What is the remainder when u is divided by p?
5
Calculate the remainder when 1557 is divided by (13/(-7))/(38/(-266))*1.
10
Calculate the remainder when -2 + 5 + 2 + 65 + -58 + 60 is divided by 21 - 0 - (0 - -1).
12
Suppose 4*h - 21 = 5*u, 3*h + 2*u - 10 = -0. Suppose -4*v + 115 = 3*t - 43, 3*v = 3*t - 186. What is the remainder when t is divided by (21/7 - h)*(-22 - -2)?
18
What is the remainder when (((-447)/298)/(1/(-25)))/((-6)/(-4)) is divided by 9?
7
Suppose -5*v + 1962 = 7*b, 4*v - 162 = b + 1368. Calculate the remainder when v is divided by 66.
54
Let w = -11750 - -12501. What is the remainder when w is divided by 211?
118
Let q = 29 - 5. Let f(c) = c**2 - 11*c - 33. Suppose 3*j - 48 + 6 = 0. Calculate the remainder when q is divided by f(j).
6
Suppose 59*w - 40327 = 650 - 3394. Calculate the remainder when w is divided by 128.
125
Let u = 408 - 277. Let v = -92 + 193. Let t = v - 56. Calculate the remainder when u is divided by t.
41
Suppose 2*f - 63 = -14 + 51. Calculate the remainder when 103 is divided by f.
3
Let y(w) = w**2 + 29*w - 180. Calculate the remainder when 166 is divided by y(6).
16
Let c be (16/(-6))/((-8)/(-84)). Let i = c - -28. Suppose -6*t + i*t = -90. Calculate the remainder when 58 is divided by t.
13
Let d = -3678 + 3685. What is the remainder when 1334 is divided by d?
4
Let c = -489 + 715. Suppose 74 + c = 4*n. Calculate the remainder when n is divided by 20.
15
Suppose -4*k - 29 = -o, 2*o + 0*o - 78 = 3*k. Let d = -20 + o. What is the remainder when d is divided by 7?
4
Let z = -15038 - -15049. Suppose 3*h + 772 - 2446 = 0. What is the remainder when h is divided by z?
8
Let d = 0 + 2. Suppose -2*t = -2*g + 40, -3*g - 34 + 119 = d*t. Calculate the remainder when g is divided by -8 + 2373/147 + (-16)/14.
4
Suppose 3*j = 5*w - 1359, 2*w - 5*j = 176 + 379. Suppose -w*v + 280*v - 100 = 0. What is the remainder when 11 is divided by v?
1
Let b(s) = -65*s. Let n(o) = -1644*o - 6559. Calculate the remainder when b(-1) is divided by n(-4).
14
Let s(b) = 4*b + 27 + 59 + 3. Calculate the remainder when 114 is divided by s(-19).
10
Suppose -9*c + 5*c = 5*v + 25, -c + 5*v + 25 = 0. Suppose c = 32*r - 183 - 137. Let j(g) = -2*g - 2. What is the remainder when r is divided by j(-3)?
2
Let i = 417 - 278. Calculate the remainder when i is divided by (-1485)/(-21) - (-30)/105.
68
Let z = 5254 + -5074. Calculate the remainder when z is divided by 80.
20
Suppose 63 = t + 2*a, -7*t - 5*a = -5*t - 128. Calculate the remainder when t is divided by 2.
1
Let k(r) = 15*r - 73. Let g be k(6). Suppose -14*q + g*q = 162. What is the remainder when q is divided by 25?
4
Let j(p) = -p + 16. Let z(i) = i**2 - 5*i + 10. Let c be z(4). Let l be j(c). Suppose -252 = m - l*m. What is the remainder when 55 is divided by m?
27
Let l(o) = 13*o - 21. Let r(m) = 13*m + 276. Let w be r(-21). What is the remainder when l(w) is divided by 5?
3
Suppose 2*y - 4 = -22*o + 23*o, -3*o - 3*y = 48. Let h be (-24 - 3)*(0 + 2). Calculate the remainder when 23 is divided by (h/15)/(o/30).
5
Suppose -4*u - 546 = -14*u + 14. What is the remainder when u is divided by 24?
8
What is the remainder when -2 + 5/3 + 3 + 16000/12 is divided by 65?
36
Suppose 5*h = -2*b + 13993 - 1030, -2*h = 2*b - 12960. What is the remainder when b is divided by 135?
134
Suppose -o + 35 + 29 = 0. Suppose 34 = 5*t + 2*i - 48, 3*t - 51 = -3*i. Let c = o + t. What is the remainder when c is divided by 27?
26
Let r(f) = 28*f**2 + f - 145. Calculate the remainder when r(-4) is divided by 70.
19
Suppose 6*y = 393 + 28389. Calculate the remainder when y is divided by 20.
17
Let v = -47 + 53. Suppose o + 2*t - 3 = 0, 2*o - 6 = -0*o + 3*t. Calculate the remainder when o/(-4) + (-94)/(-8) is divided by v.
5
Suppose -2600 = -2*m - i + 6079, -5*m + i + 21680 = 0. What is the remainder when m is divided by 124?
121
Suppose 0 = -3*w - u + 13, -2*u + 18 = 4*w - 2. Let s be 1 + (-2 - -1) + w. Suppose s*n - 5*n = -60. Calculate the remainder when 59 is divided by n.
29
Calculate the remainder when (-3354)/(128/96 + (-2 - (-5)/(-6))) is divided by 112.
108
Suppose -4*o + 5*k + 93 = 0, -58*o + 54*o = -4*k - 88. Calculate the remainder when 36 is divided by o.
2
Let g = 20 + -13. Let m = 17 - g. Let x(a) = 7*a**2 - a - 67. What is the remainder when x(-4) is divided by m?
9
Let q(t) = 23*t + 2155. Calculate the remainder when q(-46) is divided by 23.
16
Suppose -23 = -5*n + 2*v + 423, -82 = -n - 2*v. Suppose -5*h + n = -h. Calculate the remainder when 37/(296/(-160)) + 107 is divided by h.
21
Let q(z) = -12*z**3 - 163*z**2 + 65*z - 15. What is the remainder when 5*11*(-1)/(-1) is divided by q(-14)?
0
Suppose -3*p + 3 - 24 = 0. Let r = p - -27. What is the remainder when 12/6*17/(-68) + 222/4 is divided by r?
15
Suppose 8*z + 17 = -7